y 372.
10
What is the remainder when 203 is divided by 29?
0
What is the remainder when 391132 is divided by 448?
28
What is the remainder when 7141 is divided by 1770?
61
What is the remainder when 1273534 is divided by 22?
20
Calculate the remainder when 171062 is divided by 9.
8
Calculate the remainder when 21744 is divided by 805.
9
Calculate the remainder when 12417 is divided by 96.
33
Calculate the remainder when 187716 is divided by 61.
19
What is the remainder when 10541 is divided by 13?
11
Calculate the remainder when 1629511 is divided by 5.
1
Calculate the remainder when 16880 is divided by 19.
8
What is the remainder when 235749 is divided by 456?
453
Calculate the remainder when 25836 is divided by 739.
710
Calculate the remainder when 5231 is divided by 1044.
11
Calculate the remainder when 92941 is divided by 46469.
3
Calculate the remainder when 10079 is divided by 1678.
11
What is the remainder when 1053696 is divided by 158?
152
Calculate the remainder when 6985 is divided by 564.
217
What is the remainder when 17792 is divided by 541?
480
What is the remainder when 43623 is divided by 14517?
72
Calculate the remainder when 62703 is divided by 12540.
3
Calculate the remainder when 18555 is divided by 757.
387
What is the remainder when 710705 is divided by 48?
17
What is the remainder when 42823 is divided by 2676?
7
What is the remainder when 31712 is divided by 473?
21
What is the remainder when 4912 is divided by 131?
65
Calculate the remainder when 1777 is divided by 5.
2
Calculate the remainder when 1227 is divided by 397.
36
What is the remainder when 134622 is divided by 70?
12
What is the remainder when 1865 is divided by 167?
28
Calculate the remainder when 1655 is divided by 1488.
167
Calculate the remainder when 36562 is divided by 553.
64
Calculate the remainder when 355 is divided by 58.
7
What is the remainder when 217852 is divided by 16?
12
What is the remainder when 180701 is divided by 18?
17
Calculate the remainder when 8810 is divided by 1131.
893
What is the remainder when 4120 is divided by 637?
298
Calculate the remainder when 4070 is divided by 514.
472
Calculate the remainder when 767 is divided by 619.
148
What is the remainder when 26558 is divided by 116?
110
Calculate the remainder when 7078 is divided by 7062.
16
What is the remainder when 100621 is divided by 100590?
31
Calculate the remainder when 20597 is divided by 21.
17
What is the remainder when 3912 is divided by 1725?
462
Calculate the remainder when 57398 is divided by 267.
260
Calculate the remainder when 32561 is divided by 27.
26
What is the remainder when 661623 is divided by 220537?
12
Calculate the remainder when 392791 is divided by 37.
36
What is the remainder when 29359 is divided by 6?
1
Calculate the remainder when 55264 is divided by 6140.
4
Calculate the remainder when 5127 is divided by 2553.
21
What is the remainder when 24787 is divided by 24733?
54
Calculate the remainder when 273761 is divided by 20.
1
Calculate the remainder when 2400 is divided by 2373.
27
Calculate the remainder when 36949 is divided by 606.
589
Calculate the remainder when 319972 is divided by 188.
184
What is the remainder when 5165 is divided by 807?
323
What is the remainder when 901 is divided by 296?
13
Calculate the remainder when 61044 is divided by 12152.
284
What is the remainder when 6927 is divided by 15?
12
Calculate the remainder when 601465 is divided by 615.
610
Calculate the remainder when 50744 is divided by 244.
236
What is the remainder when 140173 is divided by 801?
799
What is the remainder when 14055 is divided by 227?
208
What is the remainder when 2554 is divided by 175?
104
Calculate the remainder when 8443 is divided by 151.
138
Calculate the remainder when 337 is divided by 254.
83
What is the remainder when 3154 is divided by 22?
8
What is the remainder when 113783 is divided by 8?
7
What is the remainder when 598173 is divided by 337?
335
What is the remainder when 355793 is divided by 118597?
2
Calculate the remainder when 2982 is divided by 377.
343
What is the remainder when 81205 is divided by 57?
37
What is the remainder when 52205 is divided by 2520?
1805
Calculate the remainder when 113834 is divided by 3.
2
Calculate the remainder when 43655 is divided by 207.
185
Calculate the remainder when 2680 is divided by 434.
76
What is the remainder when 108935 is divided by 534?
533
Calculate the remainder when 91778 is divided by 30590.
8
What is the remainder when 5256 is divided by 50?
6
What is the remainder when 61869 is divided by 2573?
117
Calculate the remainder when 599120 is divided by 113.
107
What is the remainder when 416123 is divided by 138704?
11
Calculate the remainder when 76368 is divided by 529.
192
What is the remainder when 117408 is divided by 15?
3
What is the remainder when 4344 is divided by 218?
202
What is the remainder when 34307 is divided by 837?
827
What is the remainder when 184974 is divided by 8807?
27
Calculate the remainder when 55801 is divided by 109.
102
What is the remainder when 49762 is divided by 553?
545
What is the remainder when 7092 is divided by 108?
72
Calculate the remainder when 105371 is divided by 2846.
69
Calculate the remainder when 3138 is divided by 98.
2
What is the remainder when 2893 is divided by 274?
153
What is the remainder when 1511 is divided by 1088?
423
What is the remainder when 222597 is divided by 84?
81
Calculate the remainder when 527442 is divided by 527435.
7
Calculate the remainder when 287003 is divided by 43.
21
Calculate the remainder when 8666 is divided by 433.
6
Calculate the remainder when 277 is divided by 137.
3
What is the remainder when 2561 is divided by 846?
23
What is the remainder when 473225 is divided by 15774?
5
What is the remainder when 458350 is divided by 38?
32
Calculate the remainder when 648 is divided by 490.
158
Calculate the remainder when 969323 is divided by 752.
747
Calculate the remainder when 770641 is divided by 164.
5
What is the remainder when 1996 is divided by 411?
352
What is the remainder when 1824 is divided by 151?
12
Calculate the remainder when 17104 is divided by 684.
4
Calculate the remainder when 12476 is divided by 156.
152
Calculate the remainder when 72012 is divided by 288.
12
What is the remainder when 9327 is divided by 1159?
55
What is the remainder when 16828 is divided by 263?
259
What is the remainder when 3890 is divided by 65?
55
What is the remainder when 753349 is divided by 125557?
7
What is the remainder when 257418 is divided by 244?
242
What is the remainder when 156 is divided by 31?
1
Calculate the remainder when 5288 is divided by 202.
36
What is the remainder when 1510 is divided by 146?
50
What is the remainder when 120119 is divided by 66?
65
What is the remainder when 5176 is divided by 162?
154
What is the remainder when 15791 is divided by 24?
23
Calculate the remainder when 106256 is divided by 143.
7
What is the remainder when 107351 is divided by 1342?
1333
What is the remainder when 13725 is divided by 471?
66
What is the remainder when 471412 is divided by 157137?
1
Calculate the remainder when 9149 is divided by 656.
621
What is the remainder when 6537 is divided by 274?
235
What is the remainder when 2169 is divided by 215?
19
What is the remainder when 30533 is divided by 117?
113
Calculate the remainder when 593440 is divided by 37.
34
Calculate the remainder when 13369 is divided by 4455.
4
What is the remainder when 1858 is divided by 922?
14
Calculate the remainder when 36425 is divided by 78.
77
Calculate the remainder when 5440358 is divided by 430.
428
Calculate the remainder when 625728 is divided by 6518.
0
Calculate the remainder when 2103 is divided by 296.
31
Calculate the remainder when 191336 is divided by 27328.
40
Calculate the remainder when 181708 is divided by 82.
78
What is the remainder when 188775 is divided by 8?
7
What is the remainder when 2205 is divided by 207?
135
What is the remainder when 20280 is divided by 4936?
536
What is the remainder when 185 is divided by 8?
1
What is the remainder when 45385 is divided by 15?
10
Calculate the remainder when 25624 is divided by 420.
4
Calculate the remainder when 31354 is divided by 81.
